= -76 - -144. Suppose -n - i = n. Calculate the remainder when n/(-1) + (-2)/1 is divided by 11.
10
Suppose -5*d + 35 + 35 = -5*x, 0 = 2*d + x - 16. Suppose 6*m - 155 = m. Suppose -m = -r - 2. Calculate the remainder when r is divided by d.
9
Let j be (14 - 12) + (-1 - -1). Suppose -4*t - 3 = -11, 0 = -3*w + 2*t - 7. Let h = j - w. Calculate the remainder when h is divided by 2.
1
Let h(j) = -j**2 + 13*j + 15. What is the remainder when 57 is divided by h(13)?
12
Let p(g) be the third derivative of g**5/60 + g**4/24 + 3*g**2. Let x be p(-1). Suppose x = a + a - 44. What is the remainder when 64 is divided by a?
20
Let q be (0 - 3)/((-6)/32). Suppose 73 = 3*g + q. Let z(w) = -w**3 + 7*w**2 - 4*w + 7. Calculate the remainder when z(5) is divided by g.
18
Let j be (-56)/(-6) - (-4)/6. Suppose -5*d = -j*u + 5*u - 90, 4*u = -d + 3. Let v(l) = -21*l + 1. Calculate the remainder when v(-2) is divided by d.
13
Suppose 2*j - 4*j + 30 = 0. Suppose 24 = 3*k - j. Calculate the remainder when 50 is divided by k.
11
Suppose 5*i + 6*g = g, 0 = -3*i - 5*g. Let q(n) = -n**3 + 2 - 3*n + 8 + 4*n. Calculate the remainder when q(i) is divided by 6.
4
Suppose 2*p + 0*p - 4*x - 40 = 0, 5*p - 156 = -4*x. Let c = p + -20. What is the remainder when 22 is divided by c?
6
Suppose h - 45 = y, 0 = -3*h - 3*y - y + 156. Let a = h - 30. What is the remainder when a is divided by 10?
8
Suppose -8*p + 35 = -7*p. Calculate the remainder when p is divided by 19.
16
Let y(w) = 44*w**2 + w. Let b be y(1). Suppose 5*x - b = -0*x. Let g = 1 - -25. Calculate the remainder when g is divided by x.
8
Let g be (-2)/(-1*(-1)/(-2)). Suppose 18*w - 15*w - 15 = 0. Suppose w*n - 3*s - 45 = 0, 2*s = -g*n - 0*s + 14. What is the remainder when n is divided by 4?
2
Let r = -5 - -29. Let h = r + 2. What is the remainder when h is divided by 2 - (-1*12)/1?
12
Let w = 233 + -147. Let c = 140 - w. Calculate the remainder when c is divided by 14.
12
Suppose -5*m + 3*a + 64 = 0, -m + 4*a + 6 = -0*a. Calculate the remainder when m is divided by 4.
2
Suppose -108 = -4*c - 2*c. What is the remainder when 59 is divided by c?
5
Suppose 0*h + 3*h = a - 19, 5*a - 4*h = 62. Calculate the remainder when 48 is divided by a.
8
Suppose 0 = -n + m + 16, -5*n + 2*m - m + 100 = 0. What is the remainder when 142 is divided by n?
16
Suppose -h + n = -42 - 49, h + 2*n - 85 = 0. What is the remainder when h is divided by 18?
17
Calculate the remainder when (72/(-15))/((-4)/10) is divided by (1/1)/(2/10).
2
Suppose -50 = -3*t - 17. Calculate the remainder when t is divided by 4.
3
Let w = -449 + 476. Suppose -2*v = 4*f - 32, -f - f + 40 = 5*v. Calculate the remainder when w is divided by (v/(-4))/(3/(-20)).
7
Let d(w) = 19*w - 5. Calculate the remainder when d(6) is divided by 22.
21
Let k(d) = 2*d**2 - d - 16. What is the remainder when 272 is divided by k(-5)?
38
Let x = -98 + 100. Let w be 3*3/2*2. Calculate the remainder when x is divided by (-2)/7 + w/7.
0
Let h(g) = 12*g + 5. What is the remainder when h(6) is divided by 26?
25
Let p = 5 + 7. Suppose 3*g = -g + p. Calculate the remainder when g is divided by 2.
1
Suppose -5*m + 3*b + 147 = 0, 2*m = b - 2 + 60. Calculate the remainder when m is divided by 14.
13
Let o(x) = -x**3 - x**2 + 3*x + 1. Let c(w) = -3*w + 12. Calculate the remainder when c(-9) is divided by o(-3).
9
Let p = 145 - 33. Let b = p + -54. Calculate the remainder when b is divided by 10.
8
Suppose -4*z = -5*z - 5*y - 9, -4*z + y = -69. Calculate the remainder when z is divided by 4.
0
Let f(k) = 52*k**2 + k. Let j be f(-1). Suppose j = 5*q - 9. Calculate the remainder when 35 is divided by q.
11
Let s(i) = -5*i + 4. Calculate the remainder when s(-7) is divided by 15.
9
Let h be 2/((-3)/(18/4)). Let x(d) = 13*d**2 - 5*d - 2. Let a be x(h). Let z = 194 - a. Calculate the remainder when z is divided by 22.
20
Let l be 8/4 + 0 + 0. Suppose 2*w - 222 = l*t, 3*w + 2*t - t = 345. Calculate the remainder when w is divided by 29.
27
Let r(s) = -s**2 - 11*s - 5. Calculate the remainder when 75 is divided by r(-9).
10
Let r = -16 - -21. Calculate the remainder when 8 is divided by r.
3
Let n(t) = t**3 + 8*t**2 - 2*t + 13. Calculate the remainder when 171 is divided by n(-8).
26
Suppose 16 = c + 5*l, 72 + 8 = 5*c + l. Calculate the remainder when 58 is divided by c.
10
Suppose 3*r = 5*r - 26. Let g be (-7)/(-2) + 4/(-8). Suppose 3*i = -4*k + 96, 4*i = -k - g*k + 96. What is the remainder when k is divided by r?
11
Let f(n) = 33*n**2 + n. Suppose -1 - 4 = 5*w. What is the remainder when f(w) is divided by 17?
15
Suppose 4*a - 5*a = -4. Suppose a = 4*z + 44. What is the remainder when (-135)/(-2) - (-5)/z is divided by 23?
21
Let s(n) = -n**3 - 6*n**2 + n - 1. Let g = -29 + 43. Calculate the remainder when s(-7) is divided by g.
13
What is the remainder when 186/8 + 1/(-4) is divided by 33/6 + 2 - 3/2?
5
Let o = 5 + -5. Suppose -2*l + o - 2 = 0. What is the remainder when 7/((2/(-12))/l) is divided by 11?
9
Let a = 1 - 3. Let m = a + 11. What is the remainder when 35 is divided by m?
8
Let x be 15/12*(-1 - -5). Suppose -80 = -5*p - x*o, -p - 4*p + 90 = -5*o. What is the remainder when p is divided by 10?
7
Suppose -3*c - 9 + 28 = 4*x, 5*x - 5 = 0. Let l(h) = h**2 + h + 5. What is the remainder when l(-4) is divided by c?
2
Let f be 279/(-15) + 3/5. What is the remainder when 328/6 + f/27 is divided by 14*(-1 - (-1 + -1))?
12
Let b(w) = w**3 - 5*w**2 + w - 3. Let a be b(5). Suppose 0 = y - a*y - 5*m + 39, 0 = 3*y + 4*m - 73. Calculate the remainder when y is divided by 7.
5
Suppose -2*s - 5*o + 28 = -4*o, -52 = -4*s - 4*o. What is the remainder when s is divided by 12?
3
Suppose -r + 20 = 4*r. Let p = r + -2. Suppose -y - 4*k - 4 = 3*y, 0 = -4*y - p*k + 4. Calculate the remainder when 5 is divided by y.
2
Suppose 74 - 290 = -8*m. Calculate the remainder when m is divided by 10.
7
Let a = 12 - 5. Suppose 0 = 3*o - 5 - 4. Suppose -2*i = h - o, h = 5*h + 4*i - 12. Calculate the remainder when a is divided by h.
1
Suppose l - 2*r = 3*r + 24, 2*l + 4*r = -8. Suppose -l*a + 4*w + 24 = -0*a, -3*a - 2 = 2*w. What is the remainder when a is divided by 1?
0
Suppose 16 = a - 7. What is the remainder when 89 is divided by a?
20
Let l = 44 + -17. Calculate the remainder when 77 is divided by l.
23
Let d = 23 + -11. Suppose z + 2*s = 5*s + 12, 5*z = -s + d. What is the remainder when 4 is divided by z?
1
Let d = -9 + 15. Calculate the remainder when (-4)/d + (-35)/(-3) is divided by 3.
2
Let m = 53 + 15. Calculate the remainder when m is divided by 18.
14
Let a(y) = 4*y - 9. Calculate the remainder when 28 is divided by a(6).
13
Let c = 3 + -2. Let o be c - (6/3 - 3). Suppose -4*t - 6*i + 24 = -o*i, 3*i = 3*t - 48. What is the remainder when 32 is divided by t?
10
Suppose -15 = 3*t + a, a = 5*t - 0*a + 33. Let w be (-1)/((-8)/t - 1). Let u(k) = k**3 + 4*k**2 - k. Calculate the remainder when 34 is divided by u(w).
10
Let k = 25 + 27. What is the remainder when k - (-2 - (-6)/3) is divided by 18?
16
What is the remainder when 2 - (2/(-3) + (-460)/12) is divided by 22?
19
Let v = 17 - 1. Suppose 5*o + 6*c - 91 = 2*c, 4*c = v. Suppose -4*a + 3*a = -4, 5*p - 20 = 5*a. What is the remainder when o is divided by p?
7
Calculate the remainder when 174/4 + 24/16 is divided by 12.
9
Let g be 2/(-1)*4/2. Let v(q) = -q**3 + 5*q**2 - q + 1. Let d be v(5). What is the remainder when 32 is divided by 7 + g/(d/2)?
5
Suppose 40 = v + 3*a, -v - 116 = -3*v + 3*a. Calculate the remainder when v is divided by 16.
4
Let k = 1 - 3. Let l(x) = 5*x**2. Calculate the remainder when l(k) is divided by (-1 - -22)*(-1)/(-3).
6
Suppose -13*b = -15*b + 66. Calculate the remainder when 61 is divided by b.
28
Suppose -m + 0*m - 196 = -4*q, 2*q - 5*m = 80. Let o(c) = -c**2 + 9*c + 3. Calculate the remainder when q is divided by o(7).
16
Let y(d) = -d + 12. Let w = -6 - -8. Calculate the remainder when y(5) is divided by w.
1
Suppose -4*s = -3*g + 48, 5*s - 21 = -5*g + 2*g. Calculate the remainder when 45 is divided by g.
9
Calculate the remainder when 119 is divided by (-105)/(-7)*(-16)/(-10).
23
Suppose -4*c - 4 = -16. What is the remainder when c is divided by 1?
0
Let m be ((-6)/(-5))/((-3)/(-10)). Let q be (m/(-1))/(2 - 4). Suppose 0 = 2*z + q*i -